m = 5*f + 1. What is the tens digit of 98 + 12/m + 3?
9
Let x = -29 - -2. Let n = x - -27. Suppose -3*d + 70 = -d - 2*s, d + 5*s - 41 = n. What is the units digit of d?
6
Suppose 3*m = -5*h + 11402, -3*h = m - 3443 - 3395. What is the thousands digit of h?
2
Let t(w) = -4*w**2 - 12*w + 1. Let l(m) = 5*m**2 + 11*m - 1. Let y(j) = 6*l(j) + 5*t(j). What is the hundreds digit of y(5)?
2
Suppose -5*v = -3*y - 23664, 126*v = 125*v + 2*y + 4737. What is the units digit of v?
1
Suppose -4*k + 2*k - 4*c + 66 = 0, 3 = -c. Suppose -4*v = -v + k. Let y(p) = p**3 + 13*p**2 - p - 2. What is the tens digit of y(v)?
1
Let c = 900 - 533. What is the hundreds digit of c?
3
Let y = 686 - 242. What is the hundreds digit of y?
4
Let w(h) = -h**2 - 10*h - 11. Suppose -2*c - 306 = 2*q, 3*c + q + 432 + 33 = 0. Let m be c/27 + (-2)/9. What is the units digit of w(m)?
3
Let c(m) = -1 - 11*m**2 - 3 - 12*m - 2 + 10*m**2. What is the units digit of c(-6)?
0
Let j = 20 + -55. Let r = j - -51. Let s = 34 - r. What is the units digit of s?
8
Let p = 2329 + -1463. What is the tens digit of p?
6
What is the units digit of 1*(-10 - -3) - 8730/(-5)?
9
What is the hundreds digit of 1*(14 + -3)*23?
2
Let g(r) = -7*r - 42. Let t be g(-11). Let p = -24 + 6. Let c = p + t. What is the units digit of c?
7
Suppose -2 + 17 = -3*r. Let d be (6/r)/(3/(-10)). Suppose -d*z = -2 - 26. What is the units digit of z?
7
Suppose 0 = z - 4*r + 47, 2*z - 4*r + 96 = 22. Let a = z - -70. What is the units digit of a?
3
Let k = 12 - 8. Suppose g = -k*g. Suppose w - 1 - 17 = g. What is the tens digit of w?
1
Let r be 2/(-10) - 244/(-20). Let n be (0 - -1)*r/4. What is the units digit of 3 - n/(12/(-88))?
5
Suppose 1059 = 3*x - 90. What is the tens digit of x?
8
Suppose -2 = x, -3*z + 5*x + 624 = -688. What is the hundreds digit of z?
4
Suppose 4*v = -2*o + 5156, -12*v = -4*o - 17*v + 10303. What is the hundreds digit of o?
5
Let q(n) = -n**2 - 2*n + 2. Let r be q(2). Let i = 206 + r. What is the hundreds digit of i?
2
Suppose -2*w + 250 = 2*w - 5*f, -57 = -w + 4*f. Suppose 6*n - 157 - w = 0. What is the units digit of n?
7
What is the tens digit of (2 - 1092/(-18))*(-27)/(-6)?
8
Suppose d + 70 = -4*b, 4*d + 5*b - b = -220. What is the tens digit of (d/6)/(13/(-117))?
7
Suppose 0*o + o - 216 = -l, -2*o + 5*l + 439 = 0. What is the tens digit of o?
1
What is the tens digit of ((-100)/(-4))/((-65)/(-3666))?
1
What is the hundreds digit of 1 + -3 - (5 + -1052)?
0
Suppose 0*n - 44 = -4*n. Suppose 3*r = -5*d - 3, -3*d = -2*r - 3 + 1. Suppose t - 33 + n = d. What is the tens digit of t?
2
Let q = 479 - -2005. What is the tens digit of q?
8
Let p = -16 + 16. Suppose -38 = -p*x + 2*x. Let u = x + 53. What is the units digit of u?
4
What is the tens digit of ((-60)/144 + (-2)/(-3))*68?
1
What is the tens digit of 1406/4*(-76)/(-38)?
0
Suppose -5*p + 4*p + 5 = y, 0 = 2*y + 5*p - 19. Suppose 3*a - 180 = -y*a - x, -a - x + 40 = 0. What is the tens digit of a?
3
Suppose 3*m + 0 = 6. Let p(c) = 2*c - 3. Let t be p(m). Suppose -5*h + 9 + t = 0. What is the units digit of h?
2
Let h be (-28)/(-12) + (2 - (-21)/(-9)). Suppose t - h*p = 4*t - 514, -2*p - 846 = -5*t. What is the units digit of t?
0
Suppose -9*l = -14*l - 10, -2*a + 5*l + 3732 = 0. What is the units digit of a?
1
Let o(q) = -2*q - 12. Suppose -z = 8 - 0. Let j be o(z). What is the tens digit of ((-14)/3)/(j/(-12))?
1
Let j(p) = 2*p**3 + 6*p**2 - 6*p - 19. What is the units digit of j(6)?
3
Let k be 3*(-82)/(-6)*1. Let m = k + -38. What is the units digit of m?
3
Suppose b - 4*h + 153 = 2565, -3*b - 3*h + 7161 = 0. What is the hundreds digit of b?
3
What is the tens digit of (-6)/(-21) - (-515)/35?
1
Suppose -3*m + 4*m = -20. Let x = -16 - m. What is the units digit of 34/(3/(6/x))?
7
Suppose 3*q + 0*q = 0. Suppose y - 65 = -q. Let n = y - 33. What is the tens digit of n?
3
Let f = 373 + 37. What is the hundreds digit of f?
4
Suppose 4*i + w = 285, -i + 3*i = 2*w + 150. Suppose i = -8*p + 12*p. What is the tens digit of p?
1
Suppose 5*n + 1551 = c, -n + 1237 = -5*n - 3*c. Let a = -206 - n. What is the units digit of a?
4
Let o = 37 - 33. Suppose o*f - 67 = 5*w + 5, -4*f - 5*w + 112 = 0. What is the tens digit of f?
2
What is the tens digit of 3/((-3)/(-500 - 4))?
0
Let o(f) = f**3 - 9*f**2 + 3*f + 16. Let z be o(9). Let b = 72 - z. What is the tens digit of b?
2
Let g be 2/(-6) + 7/21. Suppose -3*u = 2*b - 122, g = 2*u - 3*u - 4*b + 44. Suppose -4*p + u = -0*p + 4*q, p + 4*q - 4 = 0. What is the tens digit of p?
1
Let t(i) = 1725*i**2 + 14*i - 15. What is the thousands digit of t(1)?
1
Suppose 0 = -7*a + 9*a - a. Suppose a = -4*j + 136 + 48. What is the units digit of j?
6
Let v be ((-6)/4)/((-24)/(-128)). Let c = -18 - v. What is the units digit of (112/(-35))/(4/c)?
8
Suppose -3*t - 2 = -5*t. Let y = 47 + t. What is the units digit of y?
8
Let w(g) = -56*g + 4. What is the hundreds digit of w(-14)?
7
Let c = -17 + 19. Suppose -c*q + 4 = -6. Suppose -q*r + 2*w = -282, -2*w + w - 169 = -3*r. What is the units digit of r?
6
Let q = 127 + 6. Let u = 210 - q. What is the units digit of u?
7
Suppose 8*u - 3*u = -4*x - 50, 2*x = 4*u + 66. Let g(o) = 2*o**3 - 3*o**2 - o - 4. Let a be g(3). Let h = a + u. What is the units digit of h?
6
Let a = 37 + -35. What is the units digit of 25/10*28/a?
5
Suppose 3*y + 2*y = 5. What is the tens digit of y*-1 - (-1 - 50)?
5
Suppose -3*c - f - 3*f + 16 = 0, -3*c - 5*f + 17 = 0. Suppose 645 = 5*g + 2*p, -p + 0*p = -c*g + 516. What is the units digit of g?
9
Suppose 0 = 2*u + 21 - 23. What is the tens digit of (-1)/(-2)*0 + (u - -148)?
4
Suppose 2*c - 3*l = 0, -l + 8 = 2*c - 0. Let u(y) = 5*y - 30. Let x be u(7). Suppose 5*d - 134 = c*v, -x*d + v + 7 = -121. What is the tens digit of d?
2
Let h(j) = -2*j - 8. Let b(w) = -2*w + 5. Let o be b(7). What is the tens digit of h(o)?
1
Let i(z) = 4*z**3 - 6*z**2 - 2*z + 9. Let k(g) = 3*g**3 - 6*g**2 - 3*g + 9. Let h(d) = -2*i(d) + 3*k(d). What is the tens digit of h(7)?
2
What is the thousands digit of -1*((-5626 - 12) + 5)?
5
Let r(i) = i + 13. Suppose 3*l + 5*x + 32 = 0, -l + 32 = -5*l + 4*x. Let w be r(l). Suppose -73 = -w*d - 17. What is the units digit of d?
4
Suppose 0 = 4*m - 5*f - 35, -3*m + 2*f + 11 + 24 = 0. Suppose -4*c - m = 17. What is the tens digit of ((-122)/c)/(1/4)?
6
Suppose 8684 = 4*w + y, -7*y + 10*y = 4*w - 8684. What is the units digit of w?
1
What is the units digit of 1*14/(126/4023)?
7
Let j = 5 + 1. Suppose 36 = -10*x + 116. Suppose -7*k + x*k = j. What is the units digit of k?
6
Suppose 3*c + 27*c = 64650. What is the hundreds digit of c?
1
Suppose 5*m = 5*r - 465 - 1810, 1400 = 3*r + 4*m. What is the hundreds digit of r?
4
Suppose -m = -2*c - 6, -2*c = 6*m - 2*m - 4. Let o be -2 + 8 + (-2)/c. Suppose -42 + o = -5*z. What is the units digit of z?
7
Let a be 10/(-6)*18/(-15). Suppose -a*l = -4*l + 160. What is the tens digit of l?
8
Let n be (-10)/30 + (-31)/(-3). Suppose 3*s = -1 + n. What is the units digit of 11 + -1 + (6 - s)?
3
Suppose 3*h = -107 - 37. Let q = h - -86. Suppose -v + d + q + 15 = 0, 0 = 4*v + 5*d - 239. What is the tens digit of v?
5
Suppose -4*j = u - 183, -2*u + 14 = j - 37. Suppose -5*i = -600 + j. What is the units digit of i?
1
Let l = -64 + 65. Let k(r) = -r**3 - r**2 + r + 1. Let p be k(-1). What is the tens digit of (-205)/(-5)*(l - p)?
4
Let a(w) = -2*w + 7. Let c be a(4). What is the units digit of (c/4 - 2324/(-16)) + 1?
6
Let d(x) = 606*x - 29. What is the units digit of d(6)?
7
Let j = -769 + 2476. What is the hundreds digit of j?
7
Let z be (11 - 12)/(1/1). Let i = 43 - z. What is the units digit of i?
4
Suppose -6*p + 480 = 6*p. What is the hundreds digit of (p/(-60))/(2/(-504))?
1
Let q = 1099 + -577. What is the hundreds digit of q?
5
Suppose 5*v - 7915 = -5*h, 11*h - 1598 = -v + 15*h. What is the tens digit of v?
8
Suppose 5*s = u + 8427, -3*s + 5061 = -0*u + u. What is the units digit of s?
6
Let n(q) = -62*q + 1026. What is the hundreds digit of n(0)?
0
Suppose 2*x - 5*o + 21 = x, 0 = -5*x - 3*o + 35. Suppose 0 = c - 2. What is the tens digit of (x - 6)/(c/(-27))?
2
Let n(f) = f**2 + 9*f + 6. Let c be n(-10). Let s be c/(-24)*(-6)/4. Let b = s + 4. What is the units digit of b?
5
Suppose 3*g - 1 - 2 = 0. Suppose 31 